 Suppose 4 = -3*b + 5*f + 22, t*b + 3*f = -6. Suppose -b = v - 5. Let l(a) = -3*a + 3. Give l(v).
-9
Let t(s) = 3*s - 25. Let b be t(11). Suppose -4*r - 96 = -b*r. Suppose 4*q - r = -2*q. Let v(j) = -j**2 + 5*j - 3. Determine v(q).
1
Suppose 11 = 2*s + 25. Let l(k) = -k + 2*k - k + 8 + k. Let w be l(s). Let n(x) = -x**3 + x**2 - 2*x + 1. Give n(w).
-1
Let n(r) = -5*r**3 + 2*r**2 + 10*r. Let c(l) be the first derivative of l**4/4 - l**3/3 - l**2/2 + 11. Let q(b) = -6*c(b) - n(b). Determine q(3).
-3
Let o be (-6)/(-4) + (-54)/4. Let m be (o/(-11))/(4/22). Let s(y) = -y**2 + 7*y + 9. Let n(q) = q + 1. Let r(l) = 3*n(l) - s(l). Calculate r(m).
6
Let o(i) = i - 1. Let y be o(0). Let k = y + 4. Let b(f) = -2 - 3 + 4*f**2 - 2*f**3 + 3*f**k - f - f. Determine b(-4).
3
Let m(u) = u - 8. Let i(h) = 2*h - 8. Let z = 102 + -95. Let g be i(z). What is m(g)?
-2
Let g be (9/3 - 13) + 6. Let r(q) = 3*q - 2. What is r(g)?
-14
Let k be 7/((-28)/(-264)) - 5. Let l(a) = -k*a - 2 - a**2 + 71*a + 0*a**2. What is l(8)?
14
Let d(r) be the second derivative of -9*r - 2/3*r**3 + 1/2*r**2 + 0. What is d(2)?
-7
Let x(a) = -a**2 + 10*a + 9. Let p be x(10). Let j(s) = -32*s + 0*s**2 + 38*s + p - 2*s**2 + s**2. Give j(7).
2
Let h(z) be the second derivative of -z**4/12 + 5*z**3/6 - z**2/2 + 102*z. Calculate h(5).
-1
Let c(z) be the second derivative of -5*z**3/2 + 27*z**2 - z + 73. Determine c(4).
-6
Let n(b) = -b**3 - 8*b**2 + 21*b + 6. Let w(f) = 21*f**2 + 110*f + 15. Let p be w(-5). Give n(p).
-4
Let v(x) be the first derivative of -8 + x + 1/3*x**3 + x**2. What is v(-3)?
4
Let a(t) be the second derivative of t**4/12 - t + 4. Give a(5).
25
Let b(g) = g**2 + g. Let z(c) = 8*c**2 + c - 1. Let o(t) = -5*b(t) + z(t). Let q = 42 - 39. Give o(q).
14
Let b(n) = 5*n. Let m(c) = 9*c. Let y(x) = 7*b(x) - 4*m(x). Let l = -879 - -883. What is y(l)?
-4
Let g(w) = w**3 - 5*w**2 - 4*w - 11. Let v be g(6). Suppose x - 8*i - 1 = -3*i, 2*x - i = 20. Let o(t) = x*t + t - 2*t. What is o(v)?
10
Let j(o) = -13*o**3 + 10*o**2 + 21*o - 23. Let u(s) = 6*s**3 - 5*s**2 - 11*s + 10. Let x(a) = 5*j(a) + 11*u(a). Calculate x(7).
-19
Let x(a) = 2*a**3 + 5*a**2 + 5*a + 10. Let t be ((-42)/(-105))/(4/(-40)). Calculate x(t).
-58
Let f(q) = -34 + q + 70 - 37. Suppose 2*j = 3*m - 7, 2*m + 17 = -5*j + 2*j. Determine f(m).
-2
Let l(a) = -a**3 + 4*a**2 + 8*a - 3. Suppose 1 = -t + 2. Let p(x) = -x**2 + 2*x - 1. Let u be p(t). Suppose -h + 1 + 4 = u. Determine l(h).
12
Let j = -115 + 120. Let k(b) = -5*b + 3*b**3 - b**3 + 5 - 3*b**3 + 6*b**2. What is k(j)?
5
Suppose 4*v = 3*u - 25, -v - 2 = 2*u + v. Let k(i) = -2*i**2 + 5*i - 6. Determine k(u).
-9
Let i(a) = -3972*a + 1326*a + 1319*a + 1326*a + 0 - 1. Suppose -3*q + 3*k - 79 = q, -q + 2*k - 21 = 0. Let f = q + 13. Determine i(f).
5
Suppose 3*u - m = 29, 0 = 3*u + 5*m + 12 - 11. Let w(g) = g**3 - 7*g**2 - 9*g - 1. Calculate w(u).
-9
Let b(r) = -3*r - 41. Suppose 0 = -21*a - 11 - 283. Calculate b(a).
1
Suppose -10*o - 4 = -12*o. Suppose 0 = -o*h - 11 + 5. Let x(i) = -3*i - 1. Calculate x(h).
8
Let a(f) = -2 - 2*f - 2*f + 3*f. Suppose 2*q - 5*c = -17, 2*q - 23*c = -25*c - 10. What is a(q)?
4
Suppose 39*z - 4 = 40*z. Let f(k) = -k + 2. What is f(z)?
6
Let l(y) = y**3 + 3*y**2 + 3*y. Let j be 1*-3*(-1 - 6/(-9)). Let m be -1*j - (35 - 32). What is l(m)?
-28
Let y(u) = -4*u**3 + 5*u**3 + u**2 - 172*u + 173*u. Let f(r) = -3*r**3 + 6*r**2 + 3*r - 9. Let a(o) = -f(o) - 4*y(o). Determine a(-9).
-9
Let o(d) = d**3 + 4*d**2 + d + 7. Suppose -u - 3*l + 11 = 0, -2*l = 5*u - 4*l + 30. Let a(s) = s + 1. Let k(t) = u*a(t) + o(t). Calculate k(-5).
-7
Let k(g) = -2*g**2 + 3*g - 5. Let v = 1535 - 1530. What is k(v)?
-40
Let j(w) = 8 - 9 + 2*w - 1. Let m be (-14)/(-8) - 2/(-8). Let y be (2/(-3))/(m/(-9)). What is j(y)?
4
Let z be 15*7/((-1050)/12)*-5. Let j(u) = 2*u**2 + 4*u + 3. Let o be j(-2). Let l(y) = -y**2 - y**2 + o*y**2 - 7*y + 5. Give l(z).
-1
Let f be -8*((-10)/(-20) + 18/(-8)). Suppose f = -h + 20. Let l(p) = -p + 8. What is l(h)?
2
Let h(j) = j**2 - 2*j - 5. Suppose 5*q + 5 = 15. Suppose 0 = -q*l - 2*l + 3*w + 11, 7 = 2*l - w. Suppose -l*p = s + 4*s - 20, -2*s = -p + 4. Give h(p).
3
Let t = -156 + 161. Let c(r) = t + 7*r + 9*r - 17*r. Give c(5).
0
Let o(f) = -23 - 10*f**2 - f**3 + 68 + 2*f - 22. Let l be o(-10). Suppose 4*t = 5*n + 20, 2*t - 6*t + 12 = -l*n. Let d(p) = p + 2. Calculate d(n).
-2
Let d(r) = r**2 + 2*r - 8. Let g be d(-4). Suppose -4*a + 0*a - 2*y - 4 = g, 2 = 4*a + 5*y. Let u(o) = o**3 + 2*o**2 - o. Calculate u(a).
2
Let a(j) = -j**3 - 4*j**2 + 5*j + 2. Let u(m) = -m + 2. Let k be u(7). Let w be a(k). Suppose -w*n + 5*n = 0. Let x(y) = y**3 + 3. What is x(n)?
3
Let z(c) be the first derivative of -c**2/2 + 11*c - 98. Give z(8).
3
Let d(a) = a - 17. Let g be d(15). Let o(h) = -h**3 - h**2 - 6*h - 3. Let q(v) = v**3 + 2*v**2 + 5*v + 4. Let m(k) = g*o(k) - 3*q(k). What is m(-4)?
6
Let j(l) = -l - 11*l**2 + 31*l**2 - 15*l**2 - 11*l**2. Give j(-1).
-5
Let d(l) = 4*l**3 - 4*l**2 + 2*l - 7. Let o(f) = -12*f**2 + 9*f**3 + 2*f**3 + 0*f - 20 + 8*f - 3*f. Let h(r) = -8*d(r) + 3*o(r). Calculate h(4).
-8
Let c(p) be the second derivative of -p**4/12 + 2*p. Let g be 1/(2/(-8)*-4)*-27. Let y be 14/(-4) + (g/(-2))/9. Give c(y).
-4
Let t(p) = 5*p**3 + 7*p**2 - 8*p + 5. Let c(o) = -4*o**3 - 7*o**2 + 8*o - 7. Let y(x) = -6*c(x) - 5*t(x). Determine y(7).
-39
Suppose 3 - 9 = -2*u - 2*p, u - 2*p = 0. Let a(w) be the second derivative of 0 + 4*w + 0*w**3 - 1/2*w**u + 5/12*w**4. Determine a(-1).
4
Let r be (2/5)/((2 - 0)/(-250)). Let f = r - -54. Let t(m) = -m**2 + 6*m - 3. Give t(f).
5
Let t(g) = 7*g + 11. Let u(z) = -5*z - 9. Let k(f) = -5*t(f) - 6*u(f). Calculate k(3).
-16
Let q(b) = 7*b**3 - b + 1. Suppose -a - 1 = 3*o - 4*o, -2*a = -o. Give q(a).
7
Suppose -19*h = -16*h - 33. Let f(b) = b - 7. Calculate f(h).
4
Suppose 5*a - 47 = -3*t - t, a + 4*t = 3. Let y be 1/(a/(-2)) + 1422/198. Let v(b) = b**2 + 1 - 6*b + 0*b**2 - b. What is v(y)?
1
Let p be 10/(-5)*(-2)/2. Let j(l) = -1 + 3*l + 0*l**p + 4*l**2 - 2*l - 8*l**2. Let y be j(1). Let v(n) = -n**3 - 4*n**2 + 3. Determine v(y).
3
Let o(v) be the second derivative of -v**5/20 + v**4/2 + 3*v**3/2 - 4*v**2 + v. Suppose 7*r - 34 = -2*s + 11*r, 2*s = -5*r - 11. What is o(s)?
6
Let h(v) = 11 - 9*v**3 + 8*v**3 - v**2 - 9*v**2 + 0*v**2 - 8*v. Let c be h(-9). Let j(a) = 2*a - 3*a + a + 2*a + c - a**2. Calculate j(4).
-6
Let v = -10 + 12. Suppose 2*i = 1 + 3. Let d(b) = -b**3 + b + 1 - 12*b**2 - 2*b + 13*b**i. Give d(v).
-5
Let i(n) be the first derivative of -n**2/2 + n - 85. Determine i(4).
-3
Let g be ((-14 - -26) + -13)*(2 - -1). Let j(z) = -5*z**3 + 9*z**2 + 5*z - 4. Let v(h) = -h**3 + h**2 + h - 1. Let p(b) = -j(b) + 6*v(b). Give p(g).
-5
Let o be (1 + -7)/((-8)/4). Suppose 0 = o*d - 62 + 44. Let m(b) = -b**2 + 4*b. What is m(d)?
-12
Let p = 5 + -8. Let b(u) = -3*u - 352 + 174 + 179 - u + 0*u**2 - u**2. Calculate b(p).
4
Suppose 4*s - 20 + 4 = 0. Suppose 1 = -s*o + 17. Let j(n) be the third derivative of n**5/60 - n**4/6 + n**3/3 + 2*n**2. Determine j(o).
2
Suppose -12 - 6 = -9*u. Let x(n) = -n**3 + 14 - 5*n**2 - n + 9*n**u - 19 + 2*n**3. What is x(-4)?
-1
Let a(s) be the first derivative of 7/3*s**3 - 1/4*s**4 - 17 - 2*s - 3*s**2. Calculate a(6).
-2
Let h(s) be the third derivative of 0*s**3 - 1/60*s**5 + 1/24*s**6 - 6*s**2 + 0 + 0*s - 1/24*s**4. Give h(-1).
-5
Let f be (-9)/(-7 - -4)*(14 + -15). Let v(l) = -l**2 - 3*l + 2. Give v(f).
2
Let n(q) = -q - 12. Let r(b) = -2*b**2 - 10*b - 25. Let m be r(-2). Determine n(m).
1
Let g(y) be the third derivative of y**5/60 + 3*y**4/8 - y**3/6 - 13*y**2 + 5*y. What is g(-9)?
-1
Let q(p) be the first derivative of 7*p**4/4 - p**3/3 + p**2/2 - p + 2. Let u be ((-5)/10)/((-2)/4). What is q(u)?
6
Let f(d) be the third derivative of 1/40*d**5 - d**3 + 1/8*d**4 + 0 + 0*d + d**2 - 1/360*d**6. Let b(j) be the first derivative of f(j). Calculate b(5).
-7
Let u(o) = 3*o**2 - 4*o - 6. Let r be ((-21)/56)/((-1)/8). What is u(r)?
9
Let j(f) = f**3 - 5*f**3 + f**2 + 3*f**3 - 1 + f. Suppose 4*i - 28 + 26 = 2*s, -5*s - 3*i = -8. What is j(s)?
0
Let z(b) be the first derivative of -b**3/3 - 3*b**2/2 + 4*b - 20. Suppose -6*f + f + 5 = 0. Suppose 4*g + 13 = 3*m, -m + 14 + f = -4*g. Calculate z(g).
0
L